{"id":201,"date":"2020-06-09T19:44:10","date_gmt":"2020-06-09T16:44:10","guid":{"rendered":"http:\/\/jpgt.upg-ploiesti.ro\/?page_id=201"},"modified":"2022-11-24T19:54:45","modified_gmt":"2022-11-24T17:54:45","slug":"no-1-2018","status":"publish","type":"page","link":"http:\/\/jpgt.upg-ploiesti.ro\/?page_id=201","title":{"rendered":"No. 1\/2018"},"content":{"rendered":"\n<div class=\"wp-block-file\"><a id=\"wp-block-file--media-eb41c528-b0eb-4547-81e2-43fdeb73c03c\" href=\"http:\/\/jpgt.upg-ploiesti.ro\/wp-content\/uploads\/2022\/11\/Frunzescu-et-al_litoclaste-calcare-Siriu-2018.pdf\">03_Petrographic Study of Limestone Lithoclasts in the Paraconglomeratic Eocene facies of the Podu Secu Formation in the Tarc\u0103u Unit of the Eastern Carpathians (Upper Part of the Buz\u0103u Valley) &#8211; Dumitru Frunzescu, Gheorghe Br\u0103noiu, Mihai Cioc\u00eerdel<\/a><a href=\"http:\/\/jpgt.upg-ploiesti.ro\/wp-content\/uploads\/2022\/11\/Frunzescu-et-al_litoclaste-calcare-Siriu-2018.pdf\" class=\"wp-block-file__button\" download aria-describedby=\"wp-block-file--media-eb41c528-b0eb-4547-81e2-43fdeb73c03c\">Download<\/a><\/div>\n","protected":false},"excerpt":{"rendered":"","protected":false},"author":1,"featured_media":0,"parent":0,"menu_order":0,"comment_status":"closed","ping_status":"closed","template":"","meta":{"footnotes":""},"class_list":["post-201","page","type-page","status-publish","hentry"],"_links":{"self":[{"href":"http:\/\/jpgt.upg-ploiesti.ro\/index.php?rest_route=\/wp\/v2\/pages\/201","targetHints":{"allow":["GET"]}}],"collection":[{"href":"http:\/\/jpgt.upg-ploiesti.ro\/index.php?rest_route=\/wp\/v2\/pages"}],"about":[{"href":"http:\/\/jpgt.upg-ploiesti.ro\/index.php?rest_route=\/wp\/v2\/types\/page"}],"author":[{"embeddable":true,"href":"http:\/\/jpgt.upg-ploiesti.ro\/index.php?rest_route=\/wp\/v2\/users\/1"}],"replies":[{"embeddable":true,"href":"http:\/\/jpgt.upg-ploiesti.ro\/index.php?rest_route=%2Fwp%2Fv2%2Fcomments&post=201"}],"version-history":[{"count":3,"href":"http:\/\/jpgt.upg-ploiesti.ro\/index.php?rest_route=\/wp\/v2\/pages\/201\/revisions"}],"predecessor-version":[{"id":670,"href":"http:\/\/jpgt.upg-ploiesti.ro\/index.php?rest_route=\/wp\/v2\/pages\/201\/revisions\/670"}],"wp:attachment":[{"href":"http:\/\/jpgt.upg-ploiesti.ro\/index.php?rest_route=%2Fwp%2Fv2%2Fmedia&parent=201"}],"curies":[{"name":"wp","href":"https:\/\/api.w.org\/{rel}","templated":true}]}}