{"id":218,"date":"2020-06-09T19:46:22","date_gmt":"2020-06-09T16:46:22","guid":{"rendered":"http:\/\/jpgt.upg-ploiesti.ro\/?page_id=218"},"modified":"2024-07-24T22:55:19","modified_gmt":"2024-07-24T19:55:19","slug":"no-1-2020","status":"publish","type":"page","link":"http:\/\/jpgt.upg-ploiesti.ro\/?page_id=218","title":{"rendered":"No. 1\/2020"},"content":{"rendered":"\r\n<div><a id=\"wp-block-file--media-acf5fcf9-2128-4b78-99e1-21d2e70ac031\" href=\"http:\/\/jpgt.upg-ploiesti.ro\/wp-content\/uploads\/2021\/11\/RJPGT_cover_no.1_2020.pdf\" target=\"_blank\" rel=\"noreferrer noopener\">ROMANIAN JOURNAL OF PETROLEUM &amp; GAS TECHNOLOGY &#8211; cover &#8211; No. 1\/2020<\/a><\/div>\r\n\r\n\r\n\r\n<div>\u00a0<\/div>\r\n<div><a id=\"wp-block-file--media-352ad723-2671-460e-9b36-b52ab0c438a1\" href=\"http:\/\/jpgt.upg-ploiesti.ro\/wp-content\/uploads\/2021\/12\/ROMANIAN-JOURNAL-OF-PETROLEUM-GAS-TECHNOLOGY_contents-No.1_2020.pdf\" target=\"_blank\" rel=\"noreferrer noopener\">ROMANIAN JOURNAL OF PETROLEUM &amp; GAS TECHNOLOGY &#8211; contents &#8211; No.1\/2020<\/a><\/div>\r\n\r\n\r\n\r\n<div>\u00a0<\/div>\r\n<div><a href=\"http:\/\/jpgt.upg-ploiesti.ro\/wp-content\/uploads\/2020\/07\/01_Albulescu_Dinu_Pana-1.pdf\" target=\"_blank\" rel=\"noreferrer noopener\">INFLUENCE OF THE PRESSURE AND TEMPERATURE ON VOLUME LOSSES BETWEEN PISTON AND CYLINDER AT OIL EXTRACTION PUMPS &#8211; Ion Stoian-Albulescu, Florinel Dinu, Ion Pana<\/a>\u00a0<a href=\"https:\/\/orcid.org\/0000-0003-1568-7151\" target=\"_blank\" rel=\"noopener\"><img loading=\"lazy\" decoding=\"async\" src=\"https:\/\/orcid.org\/assets\/vectors\/orcid.logo.icon.svg\" alt=\"orcid logo\" width=\"18\" height=\"18\" \/><\/a><a id=\"wp-block-file--media-c60c7b48-b572-4137-bc4b-1fdb18f6e7bb\" href=\"http:\/\/jpgt.upg-ploiesti.ro\/wp-content\/uploads\/2020\/07\/01_Albulescu_Dinu_Pana-1.pdf\" target=\"_blank\" rel=\"noreferrer noopener\"><\/a><\/div>\r\n\r\n\r\n\r\n<div>\u00a0<\/div>\r\n<div><a id=\"wp-block-file--media-7f50aa4f-959a-4d74-9013-767ab3f25646\" href=\"http:\/\/jpgt.upg-ploiesti.ro\/wp-content\/uploads\/2020\/07\/02_Vasilescu-Serban.pdf\" target=\"_blank\" rel=\"noreferrer noopener\">THE STRENGTH ANALYSIS FOR SOME BUTTONS USED IN THE LIFTING PROCESS OF A HORIZONTAL CYLINDER &#8211; \u015eerban Vasilescu<\/a><\/div>\r\n\r\n\r\n\r\n<div>\u00a0<\/div>\r\n<div><a href=\"http:\/\/jpgt.upg-ploiesti.ro\/wp-content\/uploads\/2020\/07\/03_Marcu-Mariea.pdf\" target=\"_blank\" rel=\"noreferrer noopener\">ASPECTS REGARDING INFLUENCE OF IPR AND OPR CURVES ON GAS LIFT PERFORMANCE &#8211; Mariea Marcu <\/a><a href=\"https:\/\/orcid.org\/0000-0001-8406-2345\" target=\"_blank\" rel=\"noopener\"><img loading=\"lazy\" decoding=\"async\" src=\"https:\/\/orcid.org\/assets\/vectors\/orcid.logo.icon.svg\" alt=\"orcid logo\" width=\"18\" height=\"18\" \/><\/a><a id=\"wp-block-file--media-c4b6980e-d8d7-43bf-a660-eb05f00d0e6b\" href=\"http:\/\/jpgt.upg-ploiesti.ro\/wp-content\/uploads\/2020\/07\/03_Marcu-Mariea.pdf\" target=\"_blank\" rel=\"noreferrer noopener\"><\/a><\/div>\r\n\r\n\r\n\r\n<div>\u00a0<\/div>\r\n<div><a id=\"wp-block-file--media-1ef5f41c-7253-438b-8b34-e5d83335b460\" href=\"http:\/\/jpgt.upg-ploiesti.ro\/wp-content\/uploads\/2020\/07\/04_Vasilescu_Stanescu.pdf\" target=\"_blank\" rel=\"noreferrer noopener\">STRAIN GAUGES MEASUREMENTS FOR STRAINS AROUND SOME CYLINDRICAL LIFTING BUTTONS &#8211; Mihai Statescu, \u015eerban Vasilescu<\/a><\/div>\r\n\r\n\r\n\r\n<div>\u00a0<\/div>\r\n<div><a href=\"http:\/\/jpgt.upg-ploiesti.ro\/wp-content\/uploads\/2020\/07\/05_Albulescu_Dinu-F_Pana_Dinu-P.pdf\" target=\"_blank\" rel=\"noreferrer noopener\">ASPECTS REGARDING THE USE OF DYNAMIC MODELS IN THE STUDY OF VOLUMIC LOSSED BETWEEN PISTON AND BARREL AT BOREHOLE PUMPS &#8211;\u00a0 Ion <\/a><a href=\"http:\/\/jpgt.upg-ploiesti.ro\/wp-content\/uploads\/2020\/07\/05_Albulescu_Dinu-F_Pana_Dinu-P.pdf\" target=\"_blank\" rel=\"noreferrer noopener\">Stoian-Albulescu, Florinel Dinu<\/a>, <a href=\"http:\/\/jpgt.upg-ploiesti.ro\/wp-content\/uploads\/2020\/07\/05_Albulescu_Dinu-F_Pana_Dinu-P.pdf\" target=\"_blank\" rel=\"noreferrer noopener\">Ion Pana<\/a>\u00a0<a href=\"https:\/\/orcid.org\/0000-0003-1568-7151\" target=\"_blank\" rel=\"noopener\"><img loading=\"lazy\" decoding=\"async\" src=\"https:\/\/orcid.org\/assets\/vectors\/orcid.logo.icon.svg\" alt=\"orcid logo\" width=\"18\" height=\"18\" \/><\/a><a href=\"http:\/\/jpgt.upg-ploiesti.ro\/wp-content\/uploads\/2020\/07\/05_Albulescu_Dinu-F_Pana_Dinu-P.pdf\" target=\"_blank\" rel=\"noreferrer noopener\">, <\/a><a id=\"wp-block-file--media-28be5079-3333-468b-bd44-26f76983e09e\" href=\"http:\/\/jpgt.upg-ploiesti.ro\/wp-content\/uploads\/2020\/07\/05_Albulescu_Dinu-F_Pana_Dinu-P.pdf\" target=\"_blank\" rel=\"noreferrer noopener\">Paul-Octavian<\/a><a id=\"wp-block-file--media-28be5079-3333-468b-bd44-26f76983e09e\" href=\"http:\/\/jpgt.upg-ploiesti.ro\/wp-content\/uploads\/2020\/07\/05_Albulescu_Dinu-F_Pana_Dinu-P.pdf\" target=\"_blank\" rel=\"noreferrer noopener\"> Dinu<\/a><\/div>\r\n\r\n\r\n\r\n<div>\u00a0<\/div>\r\n<div><a href=\"http:\/\/jpgt.upg-ploiesti.ro\/wp-content\/uploads\/2020\/07\/06_Popescu.pdf\" target=\"_blank\" rel=\"noreferrer noopener\">CONFIGURATION OF DELTAV SYSTEM AND OPC PROTOCOL IN ORDER TO IMPLEMENT A LEVEL CONTROL SYSTEM &#8211; Marian Popescu <\/a><a href=\"https:\/\/orcid.org\/0000-0003-2027-0609\" target=\"_blank\" rel=\"noopener\"><img loading=\"lazy\" decoding=\"async\" src=\"https:\/\/orcid.org\/assets\/vectors\/orcid.logo.icon.svg\" alt=\"orcid logo\" width=\"18\" height=\"18\" \/><\/a><a id=\"wp-block-file--media-42364efa-18c6-42d7-8b20-a6247c746ebc\" href=\"http:\/\/jpgt.upg-ploiesti.ro\/wp-content\/uploads\/2020\/07\/06_Popescu.pdf\" target=\"_blank\" rel=\"noreferrer noopener\"><\/a><\/div>\r\n\r\n\r\n\r\n<div>\u00a0<\/div>\r\n<div><a href=\"http:\/\/jpgt.upg-ploiesti.ro\/wp-content\/uploads\/2020\/07\/07_Carbureanu_Bratu.pdf\" target=\"_blank\" rel=\"noreferrer noopener\">AN APPLICATION FOR MONITORING AND DIAGNOSIS THE HEALTH OF A HUMAN SUBJECT &#8211; C\u0103rbureanu M\u0103d\u0103lina <\/a><a href=\"https:\/\/orcid.org\/0000-0001-8587-7204\" target=\"_blank\" rel=\"noopener\"><img loading=\"lazy\" decoding=\"async\" src=\"https:\/\/orcid.org\/assets\/vectors\/orcid.logo.icon.svg\" alt=\"orcid logo\" width=\"18\" height=\"18\" \/><\/a><a id=\"wp-block-file--media-5eff9af1-7eb7-42e3-a21d-54bbbe3430f3\" href=\"http:\/\/jpgt.upg-ploiesti.ro\/wp-content\/uploads\/2020\/07\/07_Carbureanu_Bratu.pdf\" target=\"_blank\" rel=\"noreferrer noopener\">, Petrus Bratu<\/a><\/div>\r\n<div>\u00a0<\/div>\r\n\r\n\r\n","protected":false},"excerpt":{"rendered":"","protected":false},"author":1,"featured_media":0,"parent":0,"menu_order":0,"comment_status":"closed","ping_status":"closed","template":"","meta":{"footnotes":""},"class_list":["post-218","page","type-page","status-publish","hentry"],"_links":{"self":[{"href":"http:\/\/jpgt.upg-ploiesti.ro\/index.php?rest_route=\/wp\/v2\/pages\/218","targetHints":{"allow":["GET"]}}],"collection":[{"href":"http:\/\/jpgt.upg-ploiesti.ro\/index.php?rest_route=\/wp\/v2\/pages"}],"about":[{"href":"http:\/\/jpgt.upg-ploiesti.ro\/index.php?rest_route=\/wp\/v2\/types\/page"}],"author":[{"embeddable":true,"href":"http:\/\/jpgt.upg-ploiesti.ro\/index.php?rest_route=\/wp\/v2\/users\/1"}],"replies":[{"embeddable":true,"href":"http:\/\/jpgt.upg-ploiesti.ro\/index.php?rest_route=%2Fwp%2Fv2%2Fcomments&post=218"}],"version-history":[{"count":26,"href":"http:\/\/jpgt.upg-ploiesti.ro\/index.php?rest_route=\/wp\/v2\/pages\/218\/revisions"}],"predecessor-version":[{"id":2552,"href":"http:\/\/jpgt.upg-ploiesti.ro\/index.php?rest_route=\/wp\/v2\/pages\/218\/revisions\/2552"}],"wp:attachment":[{"href":"http:\/\/jpgt.upg-ploiesti.ro\/index.php?rest_route=%2Fwp%2Fv2%2Fmedia&parent=218"}],"curies":[{"name":"wp","href":"https:\/\/api.w.org\/{rel}","templated":true}]}}