{"id":559,"date":"2022-07-18T21:02:25","date_gmt":"2022-07-18T18:02:25","guid":{"rendered":"http:\/\/jpgt.upg-ploiesti.ro\/?page_id=559"},"modified":"2024-07-24T22:41:06","modified_gmt":"2024-07-24T19:41:06","slug":"no-2-2022","status":"publish","type":"page","link":"http:\/\/jpgt.upg-ploiesti.ro\/?page_id=559","title":{"rendered":"No. 2\/2022"},"content":{"rendered":"<p><\/p>\r\n<p><a id=\"wp-block-file--media-98cac60f-ea14-4a2b-b20e-6edfc5acc03e\" href=\"http:\/\/jpgt.upg-ploiesti.ro\/wp-content\/uploads\/2022\/12\/ROMANIAN-JOURNAL-OF-PETROLEUM-GAS-TECHNOLOGY_cover_No.2_2022.pdf\" target=\"_blank\" rel=\"noreferrer noopener\">ROMANIAN-JOURNAL-OF-PETROLEUM-GAS-TECHNOLOGY_cover_No.2_2022<\/a><\/p>\r\n<p>\r\n\r\n<\/p>\r\n<p><a id=\"wp-block-file--media-ccfd869e-8cfe-4817-b696-13ad2614b1fe\" href=\"http:\/\/jpgt.upg-ploiesti.ro\/wp-content\/uploads\/2022\/12\/Contents_No.2_2022.pdf\" target=\"_blank\" rel=\"noreferrer noopener\">Romanian-Journal-of-Petroleum-Gas-Technology_Contents_No.2_2022<\/a><\/p>\r\n<p>\r\n\r\n<\/p>\r\n<p><a href=\"http:\/\/jpgt.upg-ploiesti.ro\/wp-content\/uploads\/2023\/01\/01_Articol-jurnal-UPG-nr-2_2022_RJPGT_art_Dinu_P.pdf\" target=\"_blank\" rel=\"noreferrer noopener\">A METHOD TO DETERMINE THE MASS FLOW TO RECIPROCATING COMPRESSORS &#8211; Paul-Octavian Dinu, Ion Pan\u0103 <\/a><a href=\"https:\/\/orcid.org\/0000-0003-1568-7151\" target=\"_blank\" rel=\"noopener\"><img loading=\"lazy\" decoding=\"async\" src=\"https:\/\/orcid.org\/assets\/vectors\/orcid.logo.icon.svg\" alt=\"orcid logo\" width=\"18\" height=\"18\" \/><\/a><a href=\"http:\/\/jpgt.upg-ploiesti.ro\/wp-content\/uploads\/2023\/01\/01_Articol-jurnal-UPG-nr-2_2022_RJPGT_art_Dinu_P.pdf\" target=\"_blank\" rel=\"noreferrer noopener\">, Florinel Dinu<\/a><\/p>\r\n<p>\r\n\r\n<\/p>\r\n<p class=\"is-layout-flow wp-block-group-is-layout-flow\"><\/p>\r\n<div class=\"is-layout-flow wp-block-group-is-layout-flow\"><div class=\"wp-block-group__inner-container\"><div class=\"wp-block-group__inner-container\">\r\n<div class=\"is-layout-flow wp-block-group-is-layout-flow\"><div class=\"wp-block-group__inner-container\">\r\n<div><a href=\"http:\/\/jpgt.upg-ploiesti.ro\/wp-content\/uploads\/2022\/11\/02_Articol_jurnal_UPG_nr_2_2022_RJPGT_art_Duta_etal_ver5.pdf\" target=\"_blank\" rel=\"noreferrer noopener\">MEASUREMENT UNCERTAINTY IN LEGAL METROLOGY &#8211; Bogdan-Gabriel Dut\u0103, Ionut Banu, Tania-Ioana C\u00eempeanu, Gabriela Bucur <\/a><a id=\"wp-block-file--media-244a7e24-80df-4600-8fed-4b9c91281bf4\" href=\"http:\/\/jpgt.upg-ploiesti.ro\/wp-content\/uploads\/2023\/01\/01_Articol-jurnal-UPG-nr-2_2022_RJPGT_art_Dinu_P.pdf\" target=\"_blank\" rel=\"noreferrer noopener\"><\/a><a href=\"https:\/\/orcid.org\/0000-0002-4792-5495\" target=\"_blank\" rel=\"noopener\"><img loading=\"lazy\" decoding=\"async\" src=\"https:\/\/orcid.org\/assets\/vectors\/orcid.logo.icon.svg\" alt=\"orcid logo\" width=\"18\" height=\"18\" \/><\/a><a id=\"wp-block-file--media-d7ec9197-5ae8-4d6f-9b66-06bf76f57f1b\" href=\"http:\/\/jpgt.upg-ploiesti.ro\/wp-content\/uploads\/2022\/11\/02_Articol_jurnal_UPG_nr_2_2022_RJPGT_art_Duta_etal_ver5.pdf\" target=\"_blank\" rel=\"noreferrer noopener\"><\/a><\/div>\r\n<\/div><\/div>\r\n<\/div><\/div><\/div>\r\n<p><\/p>\r\n<p>\r\n\r\n<\/p>\r\n<p><a href=\"http:\/\/jpgt.upg-ploiesti.ro\/wp-content\/uploads\/2022\/11\/03_Articol-jurnal-UPG-nr-2_2022_RJPGT_art_Okologume.pdf\" target=\"_blank\" rel=\"noreferrer noopener\">GAUSS-JACOBI\u2019S ITERATION METHOD FOR NATURAL GAS WELLS PRODUCTION FORECAST USING DECLINE CURVE ANALYSIS &#8211; Okologume Chinedu Wilfred <\/a><a href=\"https:\/\/orcid.org\/0000-0002-6317-8936\" target=\"_blank\" rel=\"noopener\"><img loading=\"lazy\" decoding=\"async\" src=\"https:\/\/orcid.org\/assets\/vectors\/orcid.logo.icon.svg\" alt=\"orcid logo\" width=\"18\" height=\"18\" \/><\/a><a id=\"wp-block-file--media-7a499067-c6dd-454a-be88-70048a4c13dd\" href=\"http:\/\/jpgt.upg-ploiesti.ro\/wp-content\/uploads\/2022\/11\/03_Articol-jurnal-UPG-nr-2_2022_RJPGT_art_Okologume.pdf\" target=\"_blank\" rel=\"noreferrer noopener\">, Esue Akhuonabor Innocent<\/a><\/p>\r\n<p>\r\n\r\n<\/p>\r\n<p><a href=\"http:\/\/jpgt.upg-ploiesti.ro\/wp-content\/uploads\/2022\/12\/04_Articol-jurnal-UPG-nr-2_2022_RJPGT_art_Malatinszky_Marcu-2.pdf\" target=\"_blank\" rel=\"noreferrer noopener\">MODEL BASED ON BOOLEAN LOGIC FOR SCREENING AND SELECTION OF THE ARTIFICIAL LIFT METHODS &#8211; Mark Malatinszky, Mariea Marcu <\/a><a href=\"https:\/\/orcid.org\/0000-0001-8406-2345\" target=\"_blank\" rel=\"noopener\"><img loading=\"lazy\" decoding=\"async\" src=\"https:\/\/orcid.org\/assets\/vectors\/orcid.logo.icon.svg\" alt=\"orcid logo\" width=\"18\" height=\"18\" \/><\/a><a id=\"wp-block-file--media-ff032503-e1d5-4a5d-8962-423389ca9120\" href=\"http:\/\/jpgt.upg-ploiesti.ro\/wp-content\/uploads\/2022\/12\/04_Articol-jurnal-UPG-nr-2_2022_RJPGT_art_Malatinszky_Marcu-2.pdf\" target=\"_blank\" rel=\"noreferrer noopener\"><\/a><\/p>\r\n<p>\r\n\r\n<\/p>\r\n<p><a href=\"http:\/\/jpgt.upg-ploiesti.ro\/wp-content\/uploads\/2022\/11\/05_Articol-jurnal-UPG-nr-2_2022_RJPGT_art_Cangea_Petrescu_v2-1.pdf\" target=\"_blank\" rel=\"noreferrer noopener\">STUDY AND DESIGN OF AN AUTOMATED PALLET SYSTEM &#8211; Otilia Cangea <\/a><a href=\"https:\/\/orcid.org\/0009-0001-4983-0051\" target=\"_blank\" rel=\"noopener\"><img loading=\"lazy\" decoding=\"async\" class=\"alignnone\" src=\"https:\/\/orcid.org\/assets\/vectors\/orcid.logo.icon.svg\" alt=\"orcid logo\" width=\"18\" height=\"18\" \/><\/a><a id=\"wp-block-file--media-effcbd47-92a6-4d0a-90ee-bd4170b06e7b\" href=\"http:\/\/jpgt.upg-ploiesti.ro\/wp-content\/uploads\/2022\/11\/05_Articol-jurnal-UPG-nr-2_2022_RJPGT_art_Cangea_Petrescu_v2-1.pdf\" target=\"_blank\" rel=\"noreferrer noopener\">, Vlad-Bogdan Petrescu<\/a><\/p>\r\n<p>\r\n\r\n<\/p>\r\n<p><a href=\"http:\/\/jpgt.upg-ploiesti.ro\/wp-content\/uploads\/2022\/12\/06_Articol-jurnal-UPG-nr-2_2022_RJPGT_art_Popescu_Olteanu.pdf\" target=\"_blank\" rel=\"noreferrer noopener\">AUTOMATION SYSTEM OF A MANEUVERING OPERATION WITHIN A DRILLING INSTALLATION &#8211; Cristina Popescu <\/a><a href=\"https:\/\/orcid.org\/0000-0003-2097-522X\" target=\"_blank\" rel=\"noopener\"><img loading=\"lazy\" decoding=\"async\" src=\"https:\/\/orcid.org\/assets\/vectors\/orcid.logo.icon.svg\" alt=\"orcid logo\" width=\"18\" height=\"18\" \/><\/a><a id=\"wp-block-file--media-0ddb1256-a2f7-4b41-87f8-882acfe01a1b\" href=\"http:\/\/jpgt.upg-ploiesti.ro\/wp-content\/uploads\/2022\/12\/06_Articol-jurnal-UPG-nr-2_2022_RJPGT_art_Popescu_Olteanu.pdf\" target=\"_blank\" rel=\"noreferrer noopener\">, Andrei Olteanu<\/a><\/p>\r\n<p><\/p>\r\n<p><a href=\"http:\/\/jpgt.upg-ploiesti.ro\/wp-content\/uploads\/2022\/12\/07_Articol-jurnal-UPG-nr-2_2022_RJPGT_art_Damascan_etal.pdf\" target=\"_blank\" rel=\"noreferrer noopener\">THE INFLUENCE OF THE PERFORATION DENSITY AND DAMAGED ZONE PERMEABILITY ON A GAS WELL PRODUCTION &#8211; Alexandra C\u0103t\u0103lina Damascan, Mihai Albulescu, Doru Stoianovici <\/a><a href=\"https:\/\/orcid.org\/0009-0009-1766-1087\" target=\"_blank\" rel=\"noopener\"><img loading=\"lazy\" decoding=\"async\" class=\"alignnone\" src=\"https:\/\/orcid.org\/assets\/vectors\/orcid.logo.icon.svg\" alt=\"orcid logo\" width=\"18\" height=\"18\" \/><\/a><a id=\"wp-block-file--media-ca8823cf-6d35-4de0-aa5a-12247ba6580a\" href=\"http:\/\/jpgt.upg-ploiesti.ro\/wp-content\/uploads\/2022\/12\/07_Articol-jurnal-UPG-nr-2_2022_RJPGT_art_Damascan_etal.pdf\" target=\"_blank\" rel=\"noreferrer noopener\"><\/a><\/p>\r\n<p><a role=\"textbox\" href=\"http:\/\/jpgt.upg-ploiesti.ro\/wp-content\/uploads\/2022\/12\/08_Articol-jurnal-UPG-nr-2_2022_RJPGT_art_Frunzescu_etal.pdf\" aria-multiline=\"true\" aria-label=\"Write file name\u2026\">ANALYSIS OF THE CAUSES OF CIRCULATION LOSS IN THE LOWER CRETACEOUS DEPOSITS DURING THE HORIZONTAL DRILLING UNDERCROSSING THE DANUBE RIVER (GIURGIU-RUSE SECTION) &#8211; Dumitru Frunzescu <\/a><a href=\"https:\/\/orcid.org\/0009-0004-9245-6001\" target=\"_blank\" rel=\"noopener\"><img loading=\"lazy\" decoding=\"async\" src=\"https:\/\/orcid.org\/assets\/vectors\/orcid.logo.icon.svg\" alt=\"orcid logo\" width=\"18\" height=\"18\" \/><\/a><a role=\"textbox\" href=\"http:\/\/jpgt.upg-ploiesti.ro\/wp-content\/uploads\/2022\/12\/08_Articol-jurnal-UPG-nr-2_2022_RJPGT_art_Frunzescu_etal.pdf\" aria-multiline=\"true\" aria-label=\"Write file name\u2026\">, Gheorghe Branoiu <\/a><a href=\"https:\/\/orcid.org\/0000-0002-9562-7564\" target=\"_blank\" rel=\"noopener\"><img loading=\"lazy\" decoding=\"async\" src=\"https:\/\/orcid.org\/assets\/vectors\/orcid.logo.icon.svg\" alt=\"orcid logo\" width=\"18\" height=\"18\" \/><\/a><a href=\"http:\/\/jpgt.upg-ploiesti.ro\/wp-content\/uploads\/2022\/12\/08_Articol-jurnal-UPG-nr-2_2022_RJPGT_art_Frunzescu_etal.pdf\" target=\"_blank\" rel=\"noreferrer noopener\">, Ionut-Andrei Lungu<\/a><\/p>\r\n<p><a id=\"wp-block-file--media-6d09b9e4-65e4-406a-9013-e865fb46abaf\" href=\"http:\/\/jpgt.upg-ploiesti.ro\/wp-content\/uploads\/2022\/12\/09_Articol-jurnal-UPG-nr-2_2022_RJPGT_art_Chis_etal.pdf\" target=\"_blank\" rel=\"noreferrer noopener\">USE OF GENETIC ALGORITHMS IN CREATING OIL BLENDS REQUIRED FOR REFINERY DISTILLATION PLAN &#8211; Reem Sabah Mohamed, Marius B\u0103nic\u0103, Renata R\u0103dulescu, Timur Chis<\/a> <a href=\"https:\/\/orcid.org\/0000-0003-1751-828X\" target=\"_blank\" rel=\"noopener\"><img loading=\"lazy\" decoding=\"async\" src=\"https:\/\/orcid.org\/assets\/vectors\/orcid.logo.icon.svg\" alt=\"orcid logo\" width=\"18\" height=\"18\" \/><\/a><\/p>\r\n<p><a id=\"wp-block-file--media-a8740919-a3b3-44cd-a538-5b92e10bc6bc\" href=\"http:\/\/jpgt.upg-ploiesti.ro\/wp-content\/uploads\/2022\/12\/10_Articol-jurnal-UPG-nr-2_2022_RJPGT_art_Bogatu.pdf\" target=\"_blank\" rel=\"noreferrer noopener\">EFFICIENT USE OF USED LUBRICANTS &#8211; Liana Bogatu <\/a><a href=\"https:\/\/orcid.org\/0000-0002-2573-6095\" target=\"_blank\" rel=\"noopener\"><img loading=\"lazy\" decoding=\"async\" src=\"https:\/\/orcid.org\/assets\/vectors\/orcid.logo.icon.svg\" alt=\"orcid logo\" width=\"18\" height=\"18\" \/><\/a><\/p>\r\n<p><!-- \/wp:post-content --><\/p>\r\n<p><!-- wp:file {\"id\":757,\"href\":\"http:\/\/jpgt.upg-ploiesti.ro\/wp-content\/uploads\/2022\/12\/09_Articol-jurnal-UPG-nr-2_2022_RJPGT_art_Chis_etal.pdf\",\"showDownloadButton\":false,\"displayPreview\":false} --><\/p>\r\n<p><!-- \/wp:file --><\/p>\r\n<p><!-- wp:file {\"id\":761,\"href\":\"http:\/\/jpgt.upg-ploiesti.ro\/wp-content\/uploads\/2022\/12\/10_Articol-jurnal-UPG-nr-2_2022_RJPGT_art_Bogatu.pdf\",\"showDownloadButton\":false,\"displayPreview\":false} --><\/p>\r\n<p class=\"has-small-font-size\"><!-- \/wp:file --><!-- \/wp:group --><\/p>","protected":false},"excerpt":{"rendered":"<p>THE INFLUENCE OF THE PERFORATION DENSITY AND DAMAGED ZONE PERMEABILITY ON A GAS WELL PRODUCTION &#8211; Alexandra C\u0103t\u0103lina Damascan, Mihai Albulescu, Doru Stoianovici ANALYSIS OF THE CAUSES OF CIRCULATION LOSS IN THE LOWER CRETACEOUS DEPOSITS DURING THE HORIZONTAL DRILLING UNDERCROSSING THE DANUBE RIVER (GIURGIU-RUSE SECTION) &#8211; Dumitru Frunzescu , Gheorghe Branoiu , Ionut-Andrei Lungu USE &hellip; <a href=\"http:\/\/jpgt.upg-ploiesti.ro\/?page_id=559\">Continue reading <span class=\"meta-nav\">&rarr;<\/span><\/a><\/p>\n","protected":false},"author":4,"featured_media":0,"parent":0,"menu_order":0,"comment_status":"closed","ping_status":"closed","template":"","meta":{"footnotes":""},"class_list":["post-559","page","type-page","status-publish","hentry"],"_links":{"self":[{"href":"http:\/\/jpgt.upg-ploiesti.ro\/index.php?rest_route=\/wp\/v2\/pages\/559","targetHints":{"allow":["GET"]}}],"collection":[{"href":"http:\/\/jpgt.upg-ploiesti.ro\/index.php?rest_route=\/wp\/v2\/pages"}],"about":[{"href":"http:\/\/jpgt.upg-ploiesti.ro\/index.php?rest_route=\/wp\/v2\/types\/page"}],"author":[{"embeddable":true,"href":"http:\/\/jpgt.upg-ploiesti.ro\/index.php?rest_route=\/wp\/v2\/users\/4"}],"replies":[{"embeddable":true,"href":"http:\/\/jpgt.upg-ploiesti.ro\/index.php?rest_route=%2Fwp%2Fv2%2Fcomments&post=559"}],"version-history":[{"count":105,"href":"http:\/\/jpgt.upg-ploiesti.ro\/index.php?rest_route=\/wp\/v2\/pages\/559\/revisions"}],"predecessor-version":[{"id":2547,"href":"http:\/\/jpgt.upg-ploiesti.ro\/index.php?rest_route=\/wp\/v2\/pages\/559\/revisions\/2547"}],"wp:attachment":[{"href":"http:\/\/jpgt.upg-ploiesti.ro\/index.php?rest_route=%2Fwp%2Fv2%2Fmedia&parent=559"}],"curies":[{"name":"wp","href":"https:\/\/api.w.org\/{rel}","templated":true}]}}